*i + x - 113. List the prime factors of i.
2, 3
Suppose -4*u - 3*i = 31 - 32, -2*u + 4*i = -28. Suppose -4*a + 3422 = u*v + v, 2*v - 5*a - 1382 = 0. List the prime factors of v.
2, 7
Let x = -35 - -41. Suppose 4*v = x*v - 994. What are the prime factors of v?
7, 71
Suppose 3*r - 3*v + 0*v = 6, -r + 5*v + 10 = 0. Suppose 2*s - 2*n = -r*n + 204, 2*s = 5*n + 219. List the prime factors of s.
97
Let q = -11 - -5. Let j = q + 11. Suppose -2*i + 16 = j*z - 14, 4*z - 8 = 0. List the prime factors of i.
2, 5
What are the prime factors of (-345917)/(-65) - 5/(-25)?
2, 3, 887
List the prime factors of (-484)/(-363) + ((-10460)/(-3))/1.
2, 109
Suppose -5 = -g + 1. Let l(m) = 3*m - 14. Let j be l(g). Suppose -w = -0*w - 3, 0 = -3*d - j*w + 135. What are the prime factors of d?
41
List the prime factors of (-2 + 5 + (2 - 15534))*(82 - 83).
53, 293
Let j = -10 - -14. Suppose j*a = 20, 5*v - 2*v - 5*a - 152 = 0. Suppose -5*n + 283 = -3*f, -n = -f - 2*f - v. List the prime factors of n.
2, 7
Suppose 137*q - 1230615 = 221*q - 113*q. What are the prime factors of q?
3, 5, 23, 41
Let d be (1 + -4 + 2)*(-3 - 8). Suppose -3*o = 5*l - 5*o + 9, -3*l = -4*o + d. Let u = l + 137. What are the prime factors of u?
2, 17
Let g be -7 + 1645/7 + -6. Suppose -2*b + g + 284 = 4*s, 2*s - 1273 = -5*b. List the prime factors of b.
3, 5, 17
Let n = -49948 + 79514. List the prime factors of n.
2, 14783
Let y be (272/(-24) - -10 - 5/(-3))*6. Let h be (-8)/(-5) - (-4)/10. Suppose -2*g = y*j - j - 82, h = -j. What are the prime factors of g?
2, 3, 7
Let i = 7958 - 2027. List the prime factors of i.
3, 659
Let w(p) = -271*p - 138. Let m(y) = -136*y - 68. Let v(n) = 5*m(n) - 3*w(n). What are the prime factors of v(10)?
2, 3, 13
Suppose -4*w + 22160 = 4*a, 5*a - a - 2*w - 22184 = 0. Suppose 0 = -0*n + 9*n - a. List the prime factors of n.
2, 7, 11
Suppose j + 2*j = 5*o + 23, 3*o = 5*j - 17. Let r(p) = 213*p + 647 + 643 - 1291 - 107*p + 147*p. List the prime factors of r(j).
2, 3, 7
Let b(w) = 1851*w - 3203. List the prime factors of b(6).
7, 1129
Let d(v) = 4*v**3 - 5*v + 3. Let k be d(2). Let p be (k/(-10))/((-1)/2). Suppose -t = -3*n - 54 - 48, p*t - 3*n = 474. What are the prime factors of t?
3, 31
Suppose -12*v - 52 = -112. Suppose 3*n - 6 = -3*l, 0*n - 2*n = -3*l + 6. Suppose -v*d - 2*y + 786 = n, 0 = 4*d - 0*d - 5*y - 609. List the prime factors of d.
2, 3, 13
Suppose 23*x - 81142 - 47787 = 56934. What are the prime factors of x?
8081
Suppose -2*h - 2*h + x = -24140, -30175 = -5*h + 6*x. List the prime factors of h.
5, 17, 71
Let r = 166 + -64. Suppose -a + r = -0*a. Let n = -35 + a. What are the prime factors of n?
67
Let y = 0 - 387. List the prime factors of 5 - y/(-18)*-34.
2, 23
Let h = 443 + -437. Let b(q) = 248*q + 14. List the prime factors of b(h).
2, 751
Let l(a) = 2 + 3*a + a**3 + 3*a**2 + 2*a**2 - 5 + 2. Let o be l(-4). Let h = 11 + o. List the prime factors of h.
2, 7
Suppose 2*q - 3*i = 26543, -2*q + 13*i = 12*i - 26553. What are the prime factors of q?
7, 271
Let b be -5 + 81/15 - 56/(-10). What are the prime factors of (1 - 61)*3/b*-1?
2, 3, 5
Let b be -4 - ((-15)/3 - 4). Suppose -b*u + 1487 = -2*x, -2*x + 1 = 3. What are the prime factors of u?
3, 11
Let n = -388 + 465. Suppose -n = -3*h + 697. List the prime factors of h.
2, 3, 43
Suppose k = 3*g - 36460, 0 = -3*g + 366*k - 362*k + 36454. What are the prime factors of g?
2, 59, 103
Let z(v) = -767*v + 370. List the prime factors of z(-5).
5, 29
Let w(t) = -t**3 - 4*t**2 + 9*t + 4. Let h be w(-6). Let b = -28 + h. What are the prime factors of 90 - 2 - b*(-8)/12?
2, 3, 7
Let j(s) = -s**3 - 29*s**2 - 40*s - 40. Let a(q) = -q**2 + q. Let d(f) = 2*a(f) + j(f). Let y be (-80)/48*(0 + 18). What are the prime factors of d(y)?
2, 5
Let y(d) = 2*d**3 + 7*d**2 + 3*d + 31. Let n be y(-4). Let r(q) = 631*q + 16. List the prime factors of r(n).
23, 83
Let f(t) = t**3 + 24*t**2 + t + 52. Suppose -4*x = -d - 35, 10*d - 103 = 15*d + 4*x. What are the prime factors of f(d)?
2, 3, 31
Let y be (-3 - 1) + (-2)/((-2)/397). Suppose -5*m - 305 = -n, 550 + y = 3*n - m. List the prime factors of n.
3, 5, 7
Let k(p) = -2*p**3 - 5*p**2 + 4*p + 3. Let b be k(-6). Suppose -3*j + r + 4*r + b = 0, 3*j - 252 = -2*r. Let g = 143 - j. List the prime factors of g.
61
Suppose 5*z + 1695 = 6*x - 4*x, -2*z + x = 677. Let w = 349 + z. List the prime factors of w.
2
Let p be (-445)/(-2) - (-2)/(-20)*5. Suppose 3*t - 3*q - 93 = p, -4*q = 5*t - 561. Let w = -14 + t. What are the prime factors of w?
5, 19
Let n(g) = 107*g**2 - 43*g + 473. What are the prime factors of n(5)?
7, 419
Suppose 0 = -64*l + 37*l + 3024. What are the prime factors of l?
2, 7
Let j(b) = 25*b**2 + 2*b - 3. Suppose 0*f - 162 = 3*f. Let d = f - -56. What are the prime factors of j(d)?
101
Suppose 49104 + 1296 = 24*b. Suppose 1369*z - 1362*z = b. What are the prime factors of z?
2, 3, 5
Let f = -4365 - -32862. List the prime factors of f.
3, 7, 23, 59
Let d(s) = 17*s**2 + 16*s + 5. Let p(o) = 2*o**3 + 13*o**2 + 8*o + 3. Let x be p(-6). List the prime factors of d(x).
2, 619
Let c = -14 + 2. Let g = 16 + c. Suppose -k = 5*s - 50, -50 = -k + s + g*s. What are the prime factors of k?
2, 5
Let u be (4 - (-2)/(-6))*-12. Let z = -32 - u. Suppose -z*f = -15*f + 159. List the prime factors of f.
53
Suppose 15*x - 62*x = 0. Suppose n - 2*n + 3 = x, 2691 = 3*s + n. List the prime factors of s.
2, 7
Let z(g) = -246*g + 3139. What are the prime factors of z(10)?
7, 97
Suppose 4*a - 6*a + 27924 = 4*a. What are the prime factors of a?
2, 13, 179
Let o = 24 - 21. Let i = o - 3. Suppose 3*y - 114 = -i*y. What are the prime factors of y?
2, 19
Let j = 13437 + -2793. What are the prime factors of j?
2, 3, 887
Let q = 211 - 657. Let p = q - -514. List the prime factors of p.
2, 17
List the prime factors of 4 - 1/(16/(-56))*1556*4.
2, 13, 419
Suppose 0 = 41*d - 36*d - 280. Suppose 0 = 3*h + 4*h - d. What are the prime factors of 2/(h/460) - 3?
2, 7
Suppose 46 + 110 = 26*f. Let v = 127 - f. List the prime factors of v.
11
Suppose 69 = g + 33. Suppose -90 = -2*p + 4*k, -k + 3*k - 45 = -p. Let z = p - g. List the prime factors of z.
3
Let y(m) = -m**2 - 10*m - 11. Let w be y(-8). Suppose -w*j + 5038 = -3*l, -3*l = 3*j - 1265 - 1777. What are the prime factors of j?
2, 5, 101
Suppose l + 9 + 5 = 0. Suppose -15*r + 3411 - 2661 = 0. List the prime factors of (-83)/((-6)/l + r/(-35)).
83
Let v(o) = o + 9. Let c be v(-5). Suppose c*a + 11 = -9. List the prime factors of 245/7 - (-2 - a).
2
Suppose 26*h = 21*h - 15. Let v(m) = 72*m**2 - m + 2. Let l be v(h). What are the prime factors of l/6 - 4/(-24)?
109
Let d be (3 + -2)/((-12)/(-372)). Suppose -5*z + d = -4. Suppose 2*y - z*y = -485. List the prime factors of y.
97
Suppose 2*n - u - 1 = 0, 2*n - 5*u + 2 = 7. Let w be (n - (-1 + -4))/(1/(-38)). Let t = w + 271. What are the prime factors of t?
3
Let k(x) = -147*x**2 + 30*x**3 - 142*x**2 - 5*x + 13 + 288*x**2. List the prime factors of k(2).
239
Suppose 12*u + 67 = -533. What are the prime factors of 11340/25 - -4*(-5)/u?
2, 227
Let c = -182 - -185. Suppose 3*k + 785 = 8*k + 3*l, c*l + 157 = k. List the prime factors of k.
157
Let v be 32/(-9) + (-8)/18. Let n be 14454/34 - v/(-34). Let x = -248 + n. What are the prime factors of x?
3, 59
Let f = 17 + -10. Suppose -f*x - 172 = -809. List the prime factors of x.
7, 13
Let k(s) = -98*s**3 + s**2 - 1. Let q be k(1). Let w = q - -128. List the prime factors of w.
2, 3, 5
Let b(p) = p**2 + 2*p + 165. Let q(d) = d + 7. Let y be q(-7). Let z be b(y). Suppose -8*j + 859 = -z. What are the prime factors of j?
2
Let f = 191 + -189. Suppose -4*b = f*x - 2526, -5*x + 1251 = -2*b + 4*b. What are the prime factors of b?
3, 211
Let o(n) = -5*n**2 + 13*n - 58. Let p(x) = 11*x - 5*x - 4*x**2 - 29 + x**2. Let w(u) = -4*o(u) + 7*p(u). List the prime factors of w(-9).
2, 19
Suppose 228854 = 3617*b - 3600*b. What are the prime factors of b?
2, 53, 127
Let n(r) = -r**3 - 7*r**2 + 2. Let y be n(-7). Suppose y*g + 70 - 488 = 0. List the prime factors of g.
11, 19
Let o(q) = -320*q + 50. What are the prime factors of o(-11)?
2, 3, 5, 7, 17
Let u be (3 - (-22)/(-6))*1*246. Let y = -154 - u. List the prime factors of y.
2, 5
Let n(z) = -12*z**2 + 4*z**2 + 10*z**2 - z. Let j be n(3)